{"id":2780,"date":"2018-09-13T17:45:52","date_gmt":"2018-09-13T15:45:52","guid":{"rendered":"http:\/\/www.enfants.mpt-barsuraube.fr\/?page_id=2780"},"modified":"2024-02-19T16:34:44","modified_gmt":"2024-02-19T14:34:44","slug":"les-vacances","status":"publish","type":"page","link":"https:\/\/www.enfants.mpt-barsuraube.fr\/?page_id=2780","title":{"rendered":"Les vacances"},"content":{"rendered":"\n<header class=\"entry-header\"><a href=\"https:\/\/www.enfants.mpt-barsuraube.fr\/wp-content\/uploads\/2020\/12\/Banni\u00e8re-Village-dEnfants.png\"><img loading=\"lazy\" decoding=\"async\" class=\"aligncenter wp-image-3536 size-full\" src=\"https:\/\/www.enfants.mpt-barsuraube.fr\/wp-content\/uploads\/2020\/12\/Banni\u00e8re-Village-dEnfants.png\" alt=\"\" width=\"2131\" height=\"388\" srcset=\"https:\/\/www.enfants.mpt-barsuraube.fr\/wp-content\/uploads\/2020\/12\/Banni\u00e8re-Village-dEnfants.png 2131w, https:\/\/www.enfants.mpt-barsuraube.fr\/wp-content\/uploads\/2020\/12\/Banni\u00e8re-Village-dEnfants-300x55.png 300w, https:\/\/www.enfants.mpt-barsuraube.fr\/wp-content\/uploads\/2020\/12\/Banni\u00e8re-Village-dEnfants-768x140.png 768w, https:\/\/www.enfants.mpt-barsuraube.fr\/wp-content\/uploads\/2020\/12\/Banni\u00e8re-Village-dEnfants-1024x186.png 1024w\" sizes=\"(max-width: 2131px) 100vw, 2131px\" \/><\/a>\n<h1 class=\"entry-title\">\u00a0<\/h1>\n<\/header>\n<div class=\"entry-content\">\n<p>Le Village d\u2019Enfants ouvre chaque vacances scolaires en journ\u00e9e compl\u00e8te hors jours f\u00e9ri\u00e9s.<br \/><br \/>Pour les vacances de No\u00ebl, nous ouvrons g\u00e9n\u00e9ralement une semaine (sous r\u00e9serve). N&rsquo;h\u00e9sitez pas \u00e0 vous renseigner aupr\u00e8s de notre secr\u00e9tariat.<br \/><br \/><\/p>\n<\/div>\n<p><a href=\"https:\/\/www.enfants.mpt-barsuraube.fr\/wp-content\/uploads\/2020\/12\/Visuels-\u00e0-apporter.jpg\"><img loading=\"lazy\" decoding=\"async\" class=\"aligncenter wp-image-3532 size-large\" src=\"https:\/\/www.enfants.mpt-barsuraube.fr\/wp-content\/uploads\/2020\/12\/Visuels-\u00e0-apporter-1024x754.jpg\" alt=\"\" width=\"600\" height=\"442\" srcset=\"https:\/\/www.enfants.mpt-barsuraube.fr\/wp-content\/uploads\/2020\/12\/Visuels-\u00e0-apporter-1024x754.jpg 1024w, https:\/\/www.enfants.mpt-barsuraube.fr\/wp-content\/uploads\/2020\/12\/Visuels-\u00e0-apporter-300x221.jpg 300w, https:\/\/www.enfants.mpt-barsuraube.fr\/wp-content\/uploads\/2020\/12\/Visuels-\u00e0-apporter-768x565.jpg 768w, https:\/\/www.enfants.mpt-barsuraube.fr\/wp-content\/uploads\/2020\/12\/Visuels-\u00e0-apporter.jpg 1390w\" sizes=\"(max-width: 600px) 100vw, 600px\" \/><\/a><\/p>\n<p>\u00a0<\/p>\n<div class=\"entry-content\">\n<h1><strong>+ D\u2019INFORMATIONS<\/strong><\/h1>\n<\/div>\n","protected":false},"excerpt":{"rendered":"<p>\u00a0 Le Village d\u2019Enfants ouvre chaque vacances scolaires en journ\u00e9e compl\u00e8te hors jours f\u00e9ri\u00e9s. Pour les vacances de No\u00ebl, nous ouvrons g\u00e9n\u00e9ralement une semaine (sous r\u00e9serve). N&rsquo;h\u00e9sitez pas \u00e0 vous [&hellip;]<\/p>\n","protected":false},"author":6,"featured_media":0,"parent":0,"menu_order":3,"comment_status":"closed","ping_status":"closed","template":"","meta":{"_EventAllDay":false,"_EventTimezone":"","_EventStartDate":"","_EventEndDate":"","_EventStartDateUTC":"","_EventEndDateUTC":"","_EventShowMap":false,"_EventShowMapLink":false,"_EventURL":"","_EventCost":"","_EventCostDescription":"","_EventCurrencySymbol":"","_EventCurrencyCode":"","_EventCurrencyPosition":"","_EventDateTimeSeparator":"","_EventTimeRangeSeparator":"","_EventOrganizerID":[],"_EventVenueID":[],"_OrganizerEmail":"","_OrganizerPhone":"","_OrganizerWebsite":"","_VenueAddress":"","_VenueCity":"","_VenueCountry":"","_VenueProvince":"","_VenueState":"","_VenueZip":"","_VenuePhone":"","_VenueURL":"","_VenueStateProvince":"","_VenueLat":"","_VenueLng":"","_VenueShowMap":false,"_VenueShowMapLink":false,"jetpack_post_was_ever_published":false,"footnotes":""},"jetpack_sharing_enabled":true,"jetpack_shortlink":"https:\/\/wp.me\/P5oR74-IQ","_links":{"self":[{"href":"https:\/\/www.enfants.mpt-barsuraube.fr\/index.php?rest_route=\/wp\/v2\/pages\/2780"}],"collection":[{"href":"https:\/\/www.enfants.mpt-barsuraube.fr\/index.php?rest_route=\/wp\/v2\/pages"}],"about":[{"href":"https:\/\/www.enfants.mpt-barsuraube.fr\/index.php?rest_route=\/wp\/v2\/types\/page"}],"author":[{"embeddable":true,"href":"https:\/\/www.enfants.mpt-barsuraube.fr\/index.php?rest_route=\/wp\/v2\/users\/6"}],"replies":[{"embeddable":true,"href":"https:\/\/www.enfants.mpt-barsuraube.fr\/index.php?rest_route=%2Fwp%2Fv2%2Fcomments&post=2780"}],"version-history":[{"count":8,"href":"https:\/\/www.enfants.mpt-barsuraube.fr\/index.php?rest_route=\/wp\/v2\/pages\/2780\/revisions"}],"predecessor-version":[{"id":3766,"href":"https:\/\/www.enfants.mpt-barsuraube.fr\/index.php?rest_route=\/wp\/v2\/pages\/2780\/revisions\/3766"}],"wp:attachment":[{"href":"https:\/\/www.enfants.mpt-barsuraube.fr\/index.php?rest_route=%2Fwp%2Fv2%2Fmedia&parent=2780"}],"curies":[{"name":"wp","href":"https:\/\/api.w.org\/{rel}","templated":true}]}}