{"id":3499,"date":"2020-12-07T15:17:13","date_gmt":"2020-12-07T13:17:13","guid":{"rendered":"http:\/\/www.enfants.mpt-barsuraube.fr\/?page_id=3499"},"modified":"2020-12-07T15:22:14","modified_gmt":"2020-12-07T13:22:14","slug":"les-menus-du-midi-2","status":"publish","type":"page","link":"https:\/\/www.enfants.mpt-barsuraube.fr\/?page_id=3499","title":{"rendered":"Les menus du midi"},"content":{"rendered":"\n<h1 style=\"text-align: center;\"><img loading=\"lazy\" decoding=\"async\" class=\"aligncenter wp-image-198 size-full\" src=\"https:\/\/www.enfants.mpt-barsuraube.fr\/wp-content\/uploads\/2014\/11\/vegfacelongbanner_edited-1.jpg\" alt=\"vegfacelongbanner_edited-1\" width=\"324\" height=\"369\" srcset=\"https:\/\/www.enfants.mpt-barsuraube.fr\/wp-content\/uploads\/2014\/11\/vegfacelongbanner_edited-1.jpg 324w, https:\/\/www.enfants.mpt-barsuraube.fr\/wp-content\/uploads\/2014\/11\/vegfacelongbanner_edited-1-263x300.jpg 263w\" sizes=\"(max-width: 324px) 100vw, 324px\" \/><\/h1>\n<p style=\"text-align: justify;\">Afin de favoriser la convivialit\u00e9 et les \u00e9changes tout en \u00e9vitant la hausse importante des d\u00e9cibels, le repas du midi s\u2019effectue en deux temps\u00a0: un premier service (de 11h30 \u00e0 12h15) incluant la moiti\u00e9 du groupe des\u00a0<em>Kid&rsquo;s<\/em>\u00a0; un deuxi\u00e8me service se fait de 12h15 \u00e0 13h00 et concerne les Kid\u2019s restants. Les\u00a0<em>P&rsquo;tits Bouts<\/em>\u00a0d\u00e9butent, quant \u00e0 eux, leur repas au premier service (de 11h30 \u00e0 13h00).<\/p>\n<p style=\"text-align: justify;\">A l&rsquo;arriv\u00e9e des enfants, un self est mis en place : chaque enfant prend une entr\u00e9e, un plat principal. Le fromage et le dessert sont distribu\u00e9s \u00e0 la fin des plats pr\u00e9c\u00e9dents \u00e0 chacun. Pendant le repas, chaque enfant go\u00fbte chaque aliment.<\/p>\n<p style=\"text-align: justify;\"><strong>Pour les enfants soumis \u00e0 un r\u00e9gime alimentaire particulier, il est important d&rsquo;en informer l&rsquo;\u00e9quipe d&rsquo;animation !<\/strong><\/p>\n<p style=\"text-align: justify;\">Il est aussi important d&rsquo;effectuer toute inscription au Village d&rsquo;Enfants \u00e0 l&rsquo;avance et de signaler toute absence afin que nous puissions g\u00e9rer au mieux les commandes de repas aupr\u00e8s de notre traiteur en restauration collective <a title=\"API Restauration\" href=\"http:\/\/www.api-restauration.fr\/\" target=\"_blank\" rel=\"noopener noreferrer\">API Restauration<\/a>.\u00a0Merci de votre compr\u00e9hension.<\/p>\n<hr \/>\n<h1 style=\"text-align: center;\"><span style=\"color: #d1904f;\"><strong>LES MENUS<\/strong><\/span><\/h1>\n<p style=\"text-align: center;\"><a href=\"https:\/\/www.c-est-pret.com\/scolaire\/accueil\/{a4c44aa2-46e4-4b46-9d28-216cabe207e8}\"><img loading=\"lazy\" decoding=\"async\" class=\"aligncenter size-full wp-image-3496\" src=\"https:\/\/www.enfants.mpt-barsuraube.fr\/wp-content\/uploads\/2020\/12\/logoApi.png\" alt=\"\" width=\"46\" height=\"100\" \/><\/a> <a href=\"https:\/\/www.c-est-pret.com\/scolaire\/accueil\/{a4c44aa2-46e4-4b46-9d28-216cabe207e8}\"><img loading=\"lazy\" decoding=\"async\" class=\"aligncenter size-medium wp-image-3497\" src=\"https:\/\/www.enfants.mpt-barsuraube.fr\/wp-content\/uploads\/2020\/12\/cestpret.png\" alt=\"\" width=\"83\" height=\"25\" \/><\/a><\/p>\n<p>\u00a0<\/p>\n<p style=\"text-align: center;\"><em><a href=\"https:\/\/www.enfants.mpt-barsuraube.fr\/?page_id=2012\"><strong>CLIQUEZ ICI <br \/>pour savoir comment acc\u00e9der \u00e0 la cantine !<\/strong><\/a><\/em><\/p>\n","protected":false},"excerpt":{"rendered":"<p>Afin de favoriser la convivialit\u00e9 et les \u00e9changes tout en \u00e9vitant la hausse importante des d\u00e9cibels, le repas du midi s\u2019effectue en deux temps\u00a0: un premier service (de 11h30 \u00e0 [&hellip;]<\/p>\n","protected":false},"author":6,"featured_media":3497,"parent":2780,"menu_order":0,"comment_status":"closed","ping_status":"closed","template":"","meta":{"_EventAllDay":false,"_EventTimezone":"","_EventStartDate":"","_EventEndDate":"","_EventStartDateUTC":"","_EventEndDateUTC":"","_EventShowMap":false,"_EventShowMapLink":false,"_EventURL":"","_EventCost":"","_EventCostDescription":"","_EventCurrencySymbol":"","_EventCurrencyCode":"","_EventCurrencyPosition":"","_EventDateTimeSeparator":"","_EventTimeRangeSeparator":"","_EventOrganizerID":[],"_EventVenueID":[],"_OrganizerEmail":"","_OrganizerPhone":"","_OrganizerWebsite":"","_VenueAddress":"","_VenueCity":"","_VenueCountry":"","_VenueProvince":"","_VenueState":"","_VenueZip":"","_VenuePhone":"","_VenueURL":"","_VenueStateProvince":"","_VenueLat":"","_VenueLng":"","_VenueShowMap":false,"_VenueShowMapLink":false,"jetpack_post_was_ever_published":false,"footnotes":""},"jetpack_sharing_enabled":true,"jetpack_shortlink":"https:\/\/wp.me\/P5oR74-Ur","_links":{"self":[{"href":"https:\/\/www.enfants.mpt-barsuraube.fr\/index.php?rest_route=\/wp\/v2\/pages\/3499"}],"collection":[{"href":"https:\/\/www.enfants.mpt-barsuraube.fr\/index.php?rest_route=\/wp\/v2\/pages"}],"about":[{"href":"https:\/\/www.enfants.mpt-barsuraube.fr\/index.php?rest_route=\/wp\/v2\/types\/page"}],"author":[{"embeddable":true,"href":"https:\/\/www.enfants.mpt-barsuraube.fr\/index.php?rest_route=\/wp\/v2\/users\/6"}],"replies":[{"embeddable":true,"href":"https:\/\/www.enfants.mpt-barsuraube.fr\/index.php?rest_route=%2Fwp%2Fv2%2Fcomments&post=3499"}],"version-history":[{"count":2,"href":"https:\/\/www.enfants.mpt-barsuraube.fr\/index.php?rest_route=\/wp\/v2\/pages\/3499\/revisions"}],"predecessor-version":[{"id":3504,"href":"https:\/\/www.enfants.mpt-barsuraube.fr\/index.php?rest_route=\/wp\/v2\/pages\/3499\/revisions\/3504"}],"up":[{"embeddable":true,"href":"https:\/\/www.enfants.mpt-barsuraube.fr\/index.php?rest_route=\/wp\/v2\/pages\/2780"}],"wp:featuredmedia":[{"embeddable":true,"href":"https:\/\/www.enfants.mpt-barsuraube.fr\/index.php?rest_route=\/wp\/v2\/media\/3497"}],"wp:attachment":[{"href":"https:\/\/www.enfants.mpt-barsuraube.fr\/index.php?rest_route=%2Fwp%2Fv2%2Fmedia&parent=3499"}],"curies":[{"name":"wp","href":"https:\/\/api.w.org\/{rel}","templated":true}]}}