{"id":491,"date":"2015-05-15T19:25:45","date_gmt":"2015-05-15T17:25:45","guid":{"rendered":"http:\/\/www.enfants.mpt-barsuraube.fr\/?page_id=491"},"modified":"2021-06-29T11:24:16","modified_gmt":"2021-06-29T09:24:16","slug":"le-reglement-interieur","status":"publish","type":"page","link":"https:\/\/www.enfants.mpt-barsuraube.fr\/?page_id=491","title":{"rendered":"Le r\u00e8glement int\u00e9rieur"},"content":{"rendered":"<p style=\"text-align: center;\">Le dernier r\u00e8glement int\u00e9rieur a \u00e9t\u00e9 valid\u00e9 par le Conseil d&rsquo;Administration et est effectif depuis Mai 2019.<\/p>\n<p style=\"text-align: center;\"><strong><a href=\"https:\/\/www.enfants.mpt-barsuraube.fr\/wp-content\/uploads\/2021\/06\/Reglement-interieur.pdf\">R\u00e8glement int\u00e9rieur<\/a><\/strong><\/p>\n<p style=\"text-align: center;\">_______________________________________<\/p>\n<h2 style=\"text-align: center;\"><span style=\"font-size: 18pt; color: #cc5252;\"><b><u>R\u00c8GLEMENT<\/u><\/b><strong><u>\u00a0INT\u00c9RIEUR<\/u><\/strong><\/span><br \/><span style=\"font-size: 18pt; color: #cc5252;\"> <strong>de l&rsquo;Accueil Collectif de Mineurs\u00a0<\/strong><strong>pour les enfants de 3 \u00e0 11 ans<\/strong><strong>\u00a0(centre de loisirs)<\/strong><\/span><br \/><span style=\"font-size: 18pt; color: #cc5252;\"> <strong>de la Maison Pour Tous Jean-Luc Petit<\/strong><\/span><\/h2>\n<p>La Maison Pour Tous Jean-Luc Petit est une association d&rsquo;\u00e9ducation populaire agr\u00e9\u00e9e par le Minist\u00e8re de la Sant\u00e9, de la Jeunesse et des Sports sous le num\u00e9ro <strong>10\/04JO10<\/strong> en date du 21 d\u00e9cembre 2004 et agr\u00e9\u00e9 Centre Social le 1 octobre 2010.<\/p>\n<p>A ce titre, elle g\u00e8re et organise les activit\u00e9s pour les enfants et les jeunes de Bar-sur-Aube et des communes alentour.<\/p>\n<p>Autour du projet \u00e9ducatif de l&rsquo;association (consultable sur demande), les Administrateurs de l&rsquo;association et une \u00e9quipe d&rsquo;animateurs professionnels mettent \u00e0 disposition des lieux et offrent des centres de loisirs pour les enfants et les jeunes.<\/p>\n<p style=\"text-align: center;\"><strong>Accueil Collectif de Mineurs pour les enfants de 3 \u00e0 11 ans<\/strong><br \/><strong>Lieu : 5 rue Abb\u00e9 Riel, 10200 Bar-sur-Aube<\/strong><br \/><strong>T\u00e9l. : 03 25 27 31 25<\/strong><\/p>\n<p>\u00a0<\/p>\n<h2><span style=\"text-decoration: underline; color: #ff6600;\"><strong>1. Inscription et admission<\/strong><\/span><\/h2>\n<p><strong style=\"font-size: inherit;\"><u>Article 1 :<\/u><\/strong><span style=\"font-size: inherit;\"> Pour \u00eatre accueilli sur les lieux d&rsquo;activit\u00e9s, les enfants doivent \u00eatre adh\u00e9rents de la Maison Pour Tous Jean-Luc Petit pour l&rsquo;ann\u00e9e en cours. Les adh\u00e9sions sont valables du 1 juillet au 30 juin de l&rsquo;ann\u00e9e suivante.<\/span><\/p>\n<p><strong><u>Article 2 :<\/u><\/strong> L\u2019accueil de loisirs prend en charge tout enfant \u00e2g\u00e9 de 3 \u00e0 11 ans et est accessible aux enfants en situation de handicap. Pour \u00eatre admis, l&rsquo;enfant doit avoir au minimum 3 ans et \u00eatre scolaris\u00e9. Dans le cas contraire, une d\u00e9rogation du M\u00e9decin PMI est demand\u00e9e. L&rsquo;inscription se fait sous r\u00e9serve de son accord.<\/p>\n<p><strong><u>Article 3 :<\/u><\/strong> La personne qui inscrit l&rsquo;enfant doit exercer l&rsquo;autorit\u00e9 parentale ou \u00eatre d\u00e9tenteur d&rsquo;une autorisation \u00e9crite du tuteur l\u00e9gal.<\/p>\n<p><strong><u>Article 4 :<\/u><\/strong> Pour l&rsquo;inscription de l&rsquo;enfant, les parents doivent remplir au pr\u00e9alable un dossier d&rsquo;inscription, la fiche sanitaire r\u00e9actualis\u00e9e chaque ann\u00e9e (l&rsquo;enfant devant \u00eatre \u00e0 jour des vaccinations l\u00e9gales) et une d\u00e9charge. Toutes modifications tels que les changements d&rsquo;adresse, num\u00e9ros de t\u00e9l\u00e9phone travail, domicile ou portable, situation familiale, doivent \u00eatre signal\u00e9es aupr\u00e8s du responsable.<\/p>\n<p><strong><u>Article 5 :<\/u> <\/strong>Afin d&rsquo;assurer une bonne gestion de l&rsquo;accueil des enfants (personnel, repas, transport, activit\u00e9s&#8230;) et pour r\u00e9pondre aux normes d&rsquo;encadrement d\u00e9finies par la Direction D\u00e9partementale de la Coh\u00e9sion Sociale des Personnes et des Populations), nous vous conseillons d\u2019effectuer l&rsquo;inscription de votre enfant \u00e0 l\u2019accueil de loisirs et \u00e0 la restauration au <strong>minimum 8 jours \u00e0 l&rsquo;avance<\/strong> aux moyens des fiches d&rsquo;inscriptions disponibles aupr\u00e8s de l&rsquo;\u00e9quipe d&rsquo;animation ou de la pr\u00e9inscription en ligne (valid\u00e9 par mail par le ou la responsable de l\u2019accueil de loisirs). Dans un d\u00e9lai plus court, nous nous r\u00e9servons le droit de ne pas accepter l&rsquo;inscription.<\/p>\n<p>Plusieurs formules d&rsquo;accueil sont propos\u00e9es : inscription de l&rsquo;enfant \u00e0 la journ\u00e9e ou demi-journ\u00e9e, avec ou sans repas.<\/p>\n<p><strong><u>Article 6 :<\/u><\/strong> Avertir 24h \u00e0 l&rsquo;avance (9h du matin au plus tard) de l&rsquo;absence de votre enfant. Dans le cas d&rsquo;une absence non justifi\u00e9e (certificat m\u00e9dical), <strong>la ou les p\u00e9riodes s\u00e9lectionn\u00e9es par la famille lors de l\u2019inscription resteront factur\u00e9es<\/strong>.<\/p>\n<p>\u00a0<\/p>\n<h2><span style=\"color: #ff6600;\"><strong><u>2. Fonctionnement et accueil<\/u><\/strong><\/span><\/h2>\n<p><strong><u>Article 7 :<\/u><\/strong> L\u2019accueil de loisirs fonctionne du lundi au vendredi pendant les p\u00e9riodes de vacances et les mercredis pendant les p\u00e9riodes scolaires.\u00a0\u00a0\u00a0\u00a0\u00a0\u00a0\u00a0\u00a0<\/p>\n<p><strong><u>Article 8 :<\/u><\/strong> Les horaires de fonctionnement se d\u00e9compose en p\u00e9riodes : Les horaires de fonctionnement sont pr\u00e9cis\u00e9s sur les plaquettes de la MPT Jean-Luc Petit et sur le site internet. Ils peuvent \u00eatre modifi\u00e9s en fonction des horaires d&rsquo;\u00e9cole.<\/p>\n<p>Les activit\u00e9s se d\u00e9roulant au cours de la journ\u00e9e respectent les rythmes de vie des enfants comme d\u00e9fini dans le projet p\u00e9dagogique \u00e9labor\u00e9 par l&rsquo;\u00e9quipe d&rsquo;animation (consultable sur demande).<\/p>\n<p><strong><u>Article 9 :<\/u><\/strong> Lors de sorties exceptionnelles faites \u00e0 la journ\u00e9e ou \u00e0 la demi-journ\u00e9e, les parents seront inform\u00e9s des modifications \u00e9ventuelles d&rsquo;horaires.<\/p>\n<ul>\n<li><span style=\"color: #800000;\"><em><u>Arriv\u00e9e et d\u00e9part de l\u2019accueil de loisirs<\/u><\/em><\/span><\/li>\n<\/ul>\n<p><strong><u>Article 10 :<\/u><\/strong> Les parents doivent accompagner l&rsquo;enfant \u00e0 l&rsquo;arriv\u00e9e dans l\u2019accueil de loisirs et en informer l&rsquo;animateur, l&rsquo;animatrice pr\u00e9sente \u00e0 l&rsquo;accueil.\u00a0\u00a0\u00a0\u00a0\u00a0\u00a0\u00a0\u00a0<\/p>\n<p><strong><u>Article 11 :<\/u> Un enfant de plus de 9 ans est autoris\u00e9 \u00e0 repartir seul \u00e0 partir de 17h30<\/strong>, sous r\u00e9serve de l&rsquo;accord \u00e9crit du ou des responsable(s) l\u00e9gal(aux).<\/p>\n<p><strong><u>Article 12 :<\/u><\/strong> En dehors des responsables l\u00e9gaux, seule(s) la ou les personnes d\u00e9sign\u00e9es par \u00e9crit par le responsable de l&rsquo;enfant (nom, pr\u00e9nom, adresse et signature) pourront reprendre l&rsquo;enfant. Une pi\u00e8ce d&rsquo;identit\u00e9 pourra \u00eatre demand\u00e9e si la personne venant chercher l&rsquo;enfant n&rsquo;est pas connu de l&rsquo;animatrice(-teur) qui l&rsquo;accueille.<\/p>\n<p><strong><u>Article 13\u00a0:<\/u><\/strong> L\u2019arriv\u00e9e et le d\u00e9part des familles se font au 3 rue Abb\u00e9 Riel sur les diff\u00e9rents temps d\u2019accueil de la journ\u00e9e : de 7h30 \u00e0 9h30, de 11h30 \u00e0 12h, de 13h \u00e0 14h et de 16h30 \u00e0 18h30. Le portail donnant sur la rue Armand est ferm\u00e9 \u00e0 cl\u00e9 pour garantir une meilleure s\u00e9curit\u00e9.<\/p>\n<p><strong><u><span style=\"color: #800000;\"><em>MALADIE \/ ACCIDENT :<\/em><\/span><br \/><\/u><\/strong><\/p>\n<p><strong><u>Article 14 \u2013 Maladie :<\/u><\/strong><br \/>Aucun m\u00e9dicament n&rsquo;est donn\u00e9 \u00e0 l&rsquo;enfant. Seul le ou la responsable sanitaire de l\u2019accueil pourra, sur remise d&rsquo;une copie de l&rsquo;ordonnance m\u00e9dicale et du m\u00e9dicament dans sa boite d&rsquo;origine, administrer le traitement.<\/p>\n<p>En cas de maladie se d\u00e9clarant \u00e0 l\u2019accueil (enfant fi\u00e9vreux ou souffrant) et une mont\u00e9e en temp\u00e9rature importante et au-del\u00e0 de 38\u00b05, les parents sont pr\u00e9venus rapidement. Ces derniers prendront leurs dispositions pour venir le rechercher.<\/p>\n<p>Les enfants pr\u00e9sentant une affection contagieuse en cours d&rsquo;\u00e9volution ne sont pas accept\u00e9s \u00e0 l\u2019accueil de loisirs (rougeole, rub\u00e9ole, oreillons&#8230;).<em>\u00a0<\/em><\/p>\n<p><strong><u>Article 15 &#8211; Dispositions d&rsquo;Urgence\u00a0:<\/u><\/strong><\/p>\n<p>En cas d&rsquo;incident concernant un ou plusieurs enfants, le\/la responsable prend les mesures n\u00e9cessaires. Les premiers soins sont dispens\u00e9s \u00e0 l\u2019accueil. En cas de n\u00e9cessit\u00e9 les services d&rsquo;Urgence, Pompiers, SMUR de Bar-sur-Aube sont contact\u00e9s.<\/p>\n<p>L&rsquo;enfant est conduit par les services de secours au centre hospitalier le plus proche. Les parents sont imm\u00e9diatement inform\u00e9s des circonstances de l&rsquo;incident et des dispositions prises.<\/p>\n<p>Au moment de l&rsquo;inscription, les parents doivent signer une autorisation permettant l&rsquo;hospitalisation de l&rsquo;enfant, la pratique d&rsquo;une anesth\u00e9sie g\u00e9n\u00e9rale si n\u00e9cessaire et signaler le nom du m\u00e9decin r\u00e9f\u00e9rent (fiche sanitaire r\u00e9actualis\u00e9e chaque ann\u00e9e).<\/p>\n<p><strong><u>Article 16 :<\/u><\/strong> Pour tout accident survenu dans le cadre des activit\u00e9s de l\u2019accueil, une d\u00e9claration d&rsquo;accident est \u00e9tablie. Elle est adress\u00e9e \u00e0 l&rsquo;assureur de l&rsquo;association la MAIF et en cas d&rsquo;hospitalisation signal\u00e9e \u00e0 la Direction D\u00e9partementale de la Coh\u00e9sion Sociale et Protection des Populations.<\/p>\n<p>Les enfants sont couverts dans leurs activit\u00e9s par l&rsquo;assurance de la Maison Pour Tous en plus\u00a0 de la couverture sociale (s\u00e9curit\u00e9 sociale) et assurance\u00a0 des familles.<\/p>\n<p><span style=\"color: #800000;\"><em><strong><u>OBJETS PERSONNELS :<\/u><\/strong><\/em><\/span><strong><br \/><\/strong><\/p>\n<p><strong><u>Article 17 :<\/u><\/strong> L&rsquo;enfant ne doit pas amener des objets personnels pr\u00e9cieux (portable, jouet, argent, bijou&#8230;), ni dangereux (couteaux, briquets, etc&#8230;). Dans le cas o\u00f9 l&rsquo;objet est perdu ou d\u00e9t\u00e9rior\u00e9, <strong>l\u2019accueil de loisirs ne pourra pas \u00eatre tenu responsable.<\/strong><\/p>\n<p>Les enfants peuvent emmener leurs doudous.<\/p>\n<p><strong><u><span style=\"color: #800000;\"><em>FACTURATION ET PAIEMENT :<\/em><\/span><br \/><\/u><\/strong><\/p>\n<p><strong><u>Article 18 &#8211; La participation des familles :<\/u><\/strong> <br \/>Le prix de l\u2019accueil \u00e0 la journ\u00e9e ou \u00e0 la demi-journ\u00e9e, avec ou sans repas, est d\u00e9fini par le Conseil d&rsquo;Administration de l&rsquo;association Maison Pour Tous Jean-Luc Petit en fonction du co\u00fbt moyen par pr\u00e9sence d&rsquo;un enfant sur l&rsquo;ann\u00e9e. Ce co\u00fbt peut \u00eatre r\u00e9\u00e9valu\u00e9 en d\u00e9but d&rsquo;ann\u00e9e.<\/p>\n<p>Le tarif appliqu\u00e9 aux familles est variable en fonction du quotient familial des familles et du lieu de r\u00e9sidence (Bar-sur-Aube et autres communes) et des aides possibles apport\u00e9es par les organismes sociaux.<\/p>\n<p><strong><u>Article 19 \u2013 Le paiement \u00e0 l\u2019inscription :<\/u><\/strong><br \/>Le paiement de l\u2019accueil de loisirs doit \u00eatre effectu\u00e9 au moment de l\u2019inscription. En cas d\u2019annulation(s) dans les d\u00e9lais r\u00e9glementaires, les p\u00e9riodes pay\u00e9es sont reconverties en avoirs pour de futures inscriptions.<\/p>\n<p>Toute pr\u00e9sence suppl\u00e9mentaire doit \u00eatre pay\u00e9e aupr\u00e8s du secr\u00e9tariat d\u00e8s l\u2019inscription compl\u00e9mentaire.<\/p>\n<p><span style=\"color: #800000;\"><em><strong><u>DONS :<\/u><\/strong><\/em><\/span><\/p>\n<p><u>Article 20 :<\/u> L\u2019association accepte tous dons de mat\u00e9riel ou p\u00e9cuniers (se renseigner aupr\u00e8s du personnel de l\u2019association). Elle est \u00e9lue \u00ab d\u2019int\u00e9r\u00eat g\u00e9n\u00e9ral \u00bb depuis janvier 2018 ce qui lui permet de recevoir des dons et de fournir au donateur un r\u00e9c\u00e9piss\u00e9 lui donnant droit \u00e0 une remise d\u2019imp\u00f4ts correspondant \u00e0 66% de la somme donn\u00e9e.<\/p>\n<p>\u00a0<\/p>\n<p><strong><u><span style=\"color: #800000;\"><em>SANCTIONS EN CAS DE NON-RESPECT DU REGLEMENT :<br \/><\/em><\/span><br \/><\/u><\/strong><strong><u>Article 21 :<\/u><\/strong> Les parents s&rsquo;engagent \u00e0 respecter le r\u00e8glement int\u00e9rieur concernant l&rsquo;accueil de leur(s) enfant(s).<\/p>\n<p>En cas de non-respect du r\u00e8glement, d&rsquo;atteintes importantes aux personnes et aux biens, le ou la responsable de l\u2019accueil de loisirs peut prononcer des sanctions en fonction de l&rsquo;\u00e9chelle suivante\u00a0:<\/p>\n<p>Echelle des sanctions\u00a0:<\/p>\n<ul>\n<li>Avertissement (x2)<\/li>\n<li>Exclusion temporaire (selon la gravit\u00e9 des faits)<\/li>\n<li>Comparution devant la Commission Enfance-Jeunesse<\/li>\n<\/ul>\n<p>Les principes directeurs de l&rsquo;attribution des sanctions\u00a0:<\/p>\n<ul>\n<li>Principe de l\u00e9galit\u00e9 des sanctions<\/li>\n<li>R\u00e8gle du \u00ab\u00a0non bis in idem\u00a0\u00bb (on ne peut donner plusieurs sanctions \u00e0 raisons des m\u00eames faits\u00a0\u00bb<\/li>\n<li>Principe du contradictoire\u00a0: possibilit\u00e9 donn\u00e9e \u00e0 l&rsquo;enfant, accompagn\u00e9 de ses parents de pr\u00e9senter sa d\u00e9fense, \u00e0 l&rsquo;oral ou \u00e0 l&rsquo;\u00e9crit avant que la sanction ne soit prononc\u00e9e.<\/li>\n<li>Principe de proportionnalit\u00e9 (la sanction constitue une r\u00e9ponse \u00e9ducative adapt\u00e9e)<\/li>\n<li>Principe d&rsquo;individualisation<\/li>\n<li>L&rsquo;obligation de motivation (mention pr\u00e9cise des faits reproch\u00e9s : motivation claire et pr\u00e9cise)<\/li>\n<\/ul>\n<p>La Commission Enfance-Jeunesse, sous la pr\u00e9sidence du pr\u00e9sident de la MPT, se r\u00e9unira pour statuer. L&rsquo;enfant ou le jeune pourra venir avec ces parents.<u><\/u><\/p>\n<p>\u00a0<\/p>\n<p><strong><u><span style=\"color: #800000;\"><em>DROITS A L\u2019IMAGE\u00a0:<\/em><\/span><br \/><\/u><\/strong><\/p>\n<p><strong><u>Article 22 :<\/u><\/strong> Information relative au droit \u00e0 l&rsquo;image (<em>Ce texte n&rsquo;a pas de valeur juridique directe, mais un r\u00f4le informatif).<\/em><\/p>\n<p>D&rsquo;une mani\u00e8re g\u00e9n\u00e9rale, toute personne dispose d&rsquo;un droit exclusif sur son image et l&rsquo;utilisation qui en est faite. Ce droit s&rsquo;applique dans les \u0153uvres audiovisuelles.<\/p>\n<p>Si une personne est film\u00e9e, photographi\u00e9e sans son consentement, il peut y avoir une atteinte au droit \u00e0 l&rsquo;image, et ceci au titre du respect de sa vie priv\u00e9e (article 9 du code civil). A titre d&rsquo;exemple, filmer une personne dans un lieu public \u00e0 son insu, dans ses actes quotidiens peut constituer une atteinte au droit \u00e0 l&rsquo;image.<\/p>\n<p>Il n&rsquo;est pas interdit de filmer une personne au titre de la libert\u00e9 d&rsquo;expression mais il est conseill\u00e9 de requ\u00e9rir l&rsquo;autorisation de la diffusion (celle du tuteur pour le cas des mineurs).<\/p>\n<p>Toutefois, cette atteinte au droit \u00e0 l&rsquo;image peut ne pas \u00eatre caract\u00e9ris\u00e9e lorsque la personne n&rsquo;est pas identifiable et que sa vie priv\u00e9e n&rsquo;est pas concern\u00e9e. Afin de d\u00e9terminer s&rsquo;il y a atteinte ou non \u00e0 la vie priv\u00e9e, les juges prennent en consid\u00e9ration le lieu o\u00f9 l&rsquo;image a \u00e9t\u00e9 prise et le contexte.<u><\/u><\/p>\n<p><strong><u>Article 23 :<\/u><\/strong> <a href=\"https:\/\/www.enfants.mpt-barsuraube.fr\/wp-content\/uploads\/2019\/06\/Attestation-r\u00e8glement-int\u00e9rieur-2019-2020-1.pdf\">(\u00e0 remplir sur la version papier)<\/a><\/p>\n<p>\u00a0<\/p>\n<p><span style=\"color: #800000;\"><em><strong><u>Dispositions Diverses<\/u><\/strong><\/em><\/span><\/p>\n<p><strong><u>Article 24 :<\/u> <\/strong>\u00a0Ce r\u00e8glement peut \u00eatre modifi\u00e9 et compl\u00e9t\u00e9 \u00e0 tout moment. Le cas \u00e9ch\u00e9ant, il fera l&rsquo;objet d&rsquo;une nouvelle information.<\/p>\n\n","protected":false},"excerpt":{"rendered":"<p>Le dernier r\u00e8glement int\u00e9rieur a \u00e9t\u00e9 valid\u00e9 par le Conseil d&rsquo;Administration et est effectif depuis Mai 2019. R\u00e8glement int\u00e9rieur _______________________________________ R\u00c8GLEMENT\u00a0INT\u00c9RIEUR de l&rsquo;Accueil Collectif de Mineurs\u00a0pour les enfants de 3 [&hellip;]<\/p>\n","protected":false},"author":6,"featured_media":0,"parent":6,"menu_order":4,"comment_status":"closed","ping_status":"closed","template":"","meta":{"_EventAllDay":false,"_EventTimezone":"","_EventStartDate":"","_EventEndDate":"","_EventStartDateUTC":"","_EventEndDateUTC":"","_EventShowMap":false,"_EventShowMapLink":false,"_EventURL":"","_EventCost":"","_EventCostDescription":"","_EventCurrencySymbol":"","_EventCurrencyCode":"","_EventCurrencyPosition":"","_EventDateTimeSeparator":"","_EventTimeRangeSeparator":"","_EventOrganizerID":[],"_EventVenueID":[],"_OrganizerEmail":"","_OrganizerPhone":"","_OrganizerWebsite":"","_VenueAddress":"","_VenueCity":"","_VenueCountry":"","_VenueProvince":"","_VenueState":"","_VenueZip":"","_VenuePhone":"","_VenueURL":"","_VenueStateProvince":"","_VenueLat":"","_VenueLng":"","_VenueShowMap":false,"_VenueShowMapLink":false,"jetpack_post_was_ever_published":false,"footnotes":""},"jetpack_sharing_enabled":true,"jetpack_shortlink":"https:\/\/wp.me\/P5oR74-7V","_links":{"self":[{"href":"https:\/\/www.enfants.mpt-barsuraube.fr\/index.php?rest_route=\/wp\/v2\/pages\/491"}],"collection":[{"href":"https:\/\/www.enfants.mpt-barsuraube.fr\/index.php?rest_route=\/wp\/v2\/pages"}],"about":[{"href":"https:\/\/www.enfants.mpt-barsuraube.fr\/index.php?rest_route=\/wp\/v2\/types\/page"}],"author":[{"embeddable":true,"href":"https:\/\/www.enfants.mpt-barsuraube.fr\/index.php?rest_route=\/wp\/v2\/users\/6"}],"replies":[{"embeddable":true,"href":"https:\/\/www.enfants.mpt-barsuraube.fr\/index.php?rest_route=%2Fwp%2Fv2%2Fcomments&post=491"}],"version-history":[{"count":8,"href":"https:\/\/www.enfants.mpt-barsuraube.fr\/index.php?rest_route=\/wp\/v2\/pages\/491\/revisions"}],"predecessor-version":[{"id":3597,"href":"https:\/\/www.enfants.mpt-barsuraube.fr\/index.php?rest_route=\/wp\/v2\/pages\/491\/revisions\/3597"}],"up":[{"embeddable":true,"href":"https:\/\/www.enfants.mpt-barsuraube.fr\/index.php?rest_route=\/wp\/v2\/pages\/6"}],"wp:attachment":[{"href":"https:\/\/www.enfants.mpt-barsuraube.fr\/index.php?rest_route=%2Fwp%2Fv2%2Fmedia&parent=491"}],"curies":[{"name":"wp","href":"https:\/\/api.w.org\/{rel}","templated":true}]}}