{"id":64,"date":"2014-11-07T20:03:16","date_gmt":"2014-11-07T18:03:16","guid":{"rendered":"http:\/\/www.enfants.mpt-barsuraube.fr\/?page_id=64"},"modified":"2024-02-19T16:19:57","modified_gmt":"2024-02-19T14:19:57","slug":"les-horaires","status":"publish","type":"page","link":"https:\/\/www.enfants.mpt-barsuraube.fr\/?page_id=64","title":{"rendered":"Les horaires"},"content":{"rendered":"<h1><a href=\"https:\/\/www.enfants.mpt-barsuraube.fr\/wp-content\/uploads\/2018\/09\/green-clock-icon.png\"><img loading=\"lazy\" decoding=\"async\" class=\"aligncenter size-full wp-image-2775\" src=\"https:\/\/www.enfants.mpt-barsuraube.fr\/wp-content\/uploads\/2018\/09\/green-clock-icon.png\" alt=\"\" width=\"256\" height=\"256\" srcset=\"https:\/\/www.enfants.mpt-barsuraube.fr\/wp-content\/uploads\/2018\/09\/green-clock-icon.png 256w, https:\/\/www.enfants.mpt-barsuraube.fr\/wp-content\/uploads\/2018\/09\/green-clock-icon-150x150.png 150w, https:\/\/www.enfants.mpt-barsuraube.fr\/wp-content\/uploads\/2018\/09\/green-clock-icon-144x144.png 144w, https:\/\/www.enfants.mpt-barsuraube.fr\/wp-content\/uploads\/2018\/09\/green-clock-icon-210x210.png 210w\" sizes=\"(max-width: 256px) 100vw, 256px\" \/><\/a><\/h1>\n<h1><span style=\"color: #d1904f;\"><strong>LES HORAIRES<\/strong><\/span><\/h1>\n<h2 style=\"padding-left: 60px;\"><span style=\"color: #008080;\"><strong>~ En p\u00e9riode scolaire : les mercredis<\/strong><\/span><\/h2>\n<p style=\"text-align: justify;\">Suite au retour \u00e0 la semaine de 4 jours, les enfants peuvent dor\u00e9navant se rendre au centre de loisirs d\u00e8s le mercredi matin.<br \/>\n<strong>Le centre de loisirs ouvre \u00e0 7h30 et ferme \u00e0 18h30.<\/strong><\/p>\n<p style=\"text-align: justify;\">Les diff\u00e9rents accueils de la journ\u00e9e\u00a0 du mercredi:<br \/>\n&#8211; <strong>Accueil du matin :<\/strong> 7h30 \u00e0 9h<br \/>\n&#8211; <strong>Accueil de l&rsquo;apr\u00e8s-midi :<\/strong> 13h30 \u00e0 14h<br \/>\n&#8211; <strong>Accueil du soir :<\/strong> 17h \u00e0 18h30<\/p>\n<h2 style=\"padding-left: 60px;\"><span style=\"color: #008080;\"><strong>~ En p\u00e9riode de vacances scolaires<\/strong><\/span><\/h2>\n<p style=\"text-align: justify;\">En p\u00e9riode de vacances scolaires, le centre de loisirs ouvre la journ\u00e9e compl\u00e8te du lundi au vendredi (hors jours f\u00e9ri\u00e9s), de <strong>7h30 \u00e0 18h30<\/strong>.<br \/>\nIl suit le m\u00eame fonctionnement que le mercredi en p\u00e9riode scolaire (<em>cf.<\/em> ci-dessus).<\/p>\n<p>Le centre de loisirs est ouvert \u00e0 chaque p\u00e9riode de vacances scolaires :<br \/>\n&#8211; Vacances d&rsquo;Automne<br \/>\n&#8211; Vacances de No\u00ebl (<strong><span style=\"text-decoration: underline;\">Attention : 1 semaine seulement !<\/span><\/strong>)<br \/>\n&#8211; Vacances d&rsquo;Hiver<br \/>\n&#8211; Vacances de Printemps<br \/>\n&#8211; Vacances d&rsquo;\u00c9t\u00e9 (<strong>Juillet <span style=\"text-decoration: underline;\">et<\/span> Ao\u00fbt<\/strong>)<\/p>\n<h2 style=\"padding-left: 60px;\"><span style=\"color: #008080;\"><strong>~ Journ\u00e9e type de\u00a0l&rsquo;accueil de loisirs<\/strong><\/span><\/h2>\n<p>Ci-dessous, le d\u00e9tail d&rsquo;une journ\u00e9e type du centre de loisirs :<\/p>\n<p style=\"text-align: justify;\"><strong>7h30 \u2013 9h00<\/strong> : Accueil du matin, pointage<span style=\"color: #e05a5a;\"><strong><sup>1<\/sup><\/strong><\/span>\u00a0et jeux libres ou encadr\u00e9s par l&rsquo;\u00e9quipe d&rsquo;animation<br \/>\n<strong>9h00 \u2013 9h30<\/strong>\u00a0: Forum, temps de discussion pour organiser la journ\u00e9e<br \/>\n<strong>9h30 \u2013 11h00<\/strong>\u00a0: Activit\u00e9s pr\u00e9par\u00e9es par les enfants avec l&rsquo;\u00e9quipe d&rsquo;animation<br \/>\n<strong>11h00 \u2013 11h20<\/strong>\u00a0: Rangement des activit\u00e9s et temps libre\u00a0<span style=\"color: #e05a5a;\"><strong><sup>2<\/sup><\/strong><\/span><br \/>\n<strong>11h20 \u2013 11h30<\/strong>\u00a0: Passage aux sanitaires et d\u00e9placement \u00e0 la cantine<\/p>\n<p style=\"text-align: justify;\"><strong>11h30 \u2013 13h15<\/strong>\u00a0: Repas (en 2 services pour les <em>Kid\u2019s<\/em>)<\/p>\n<p style=\"text-align: justify;\"><strong>13h15 \u2013 13h50<\/strong> : Accueil du midi, pointage et temps calme<strong><span style=\"color: #e05a5a;\"><sup>3<\/sup><\/span><\/strong><br \/>\n<strong>14h00 \u2013 16h00<\/strong>\u00a0: Activit\u00e9s pr\u00e9par\u00e9es par les enfants avec l&rsquo;\u00e9quipe d&rsquo;animation<br \/>\n<strong>16h00 \u2013 16h30<\/strong> : Fin et rangement des activit\u00e9s, pr\u00e9paration du go\u00fbter et temps libre<br \/>\n<strong>16h30 \u2013 16h45<\/strong> : Go\u00fbter<br \/>\n<strong>17h00 \u2013 18h30<\/strong>\u00a0: Accueil du soir, pointage, jeux libres ou encadr\u00e9s par l&rsquo;\u00e9quipe d&rsquo;animation<\/p>\n<hr \/>\n<p><strong><span style=\"color: #e05a5a;\"><sup>1<\/sup><\/span><\/strong><em><strong>\u00a0Pointage :<\/strong> A l&rsquo;arriv\u00e9e et au d\u00e9part des enfants, ceux-ci doivent se pr\u00e9senter aupr\u00e8s d&rsquo;un animateur.<\/em><br \/>\n<strong><span style=\"color: #e05a5a;\"><sup>2<\/sup><\/span><\/strong><em><strong>\u00a0Temps libre :<\/strong> Temps o\u00f9 l&rsquo;attention des enfants est rel\u00e2ch\u00e9e ; ceux-ci peuvent jouer librement avec leurs camarades.<\/em><br \/>\n<strong><span style=\"color: #e05a5a;\"><sup>3<\/sup><\/span><\/strong><em><strong>\u00a0Temps calme :<\/strong> Temps o\u00f9 les enfants doivent se reposer \u00e0 travers des activit\u00e9s non bruyantes.<\/em><\/p>\n","protected":false},"excerpt":{"rendered":"<p>LES HORAIRES ~ En p\u00e9riode scolaire : les mercredis Suite au retour \u00e0 la semaine de 4 jours, les enfants peuvent dor\u00e9navant se rendre au centre de loisirs d\u00e8s le [&hellip;]<\/p>\n","protected":false},"author":6,"featured_media":2775,"parent":6,"menu_order":2,"comment_status":"closed","ping_status":"closed","template":"","meta":{"_EventAllDay":false,"_EventTimezone":"","_EventStartDate":"","_EventEndDate":"","_EventStartDateUTC":"","_EventEndDateUTC":"","_EventShowMap":false,"_EventShowMapLink":false,"_EventURL":"","_EventCost":"","_EventCostDescription":"","_EventCurrencySymbol":"","_EventCurrencyCode":"","_EventCurrencyPosition":"","_EventDateTimeSeparator":"","_EventTimeRangeSeparator":"","_EventOrganizerID":[],"_EventVenueID":[],"_OrganizerEmail":"","_OrganizerPhone":"","_OrganizerWebsite":"","_VenueAddress":"","_VenueCity":"","_VenueCountry":"","_VenueProvince":"","_VenueState":"","_VenueZip":"","_VenuePhone":"","_VenueURL":"","_VenueStateProvince":"","_VenueLat":"","_VenueLng":"","_VenueShowMap":false,"_VenueShowMapLink":false,"jetpack_post_was_ever_published":false,"footnotes":""},"jetpack_sharing_enabled":true,"jetpack_shortlink":"https:\/\/wp.me\/P5oR74-12","_links":{"self":[{"href":"https:\/\/www.enfants.mpt-barsuraube.fr\/index.php?rest_route=\/wp\/v2\/pages\/64"}],"collection":[{"href":"https:\/\/www.enfants.mpt-barsuraube.fr\/index.php?rest_route=\/wp\/v2\/pages"}],"about":[{"href":"https:\/\/www.enfants.mpt-barsuraube.fr\/index.php?rest_route=\/wp\/v2\/types\/page"}],"author":[{"embeddable":true,"href":"https:\/\/www.enfants.mpt-barsuraube.fr\/index.php?rest_route=\/wp\/v2\/users\/6"}],"replies":[{"embeddable":true,"href":"https:\/\/www.enfants.mpt-barsuraube.fr\/index.php?rest_route=%2Fwp%2Fv2%2Fcomments&post=64"}],"version-history":[{"count":8,"href":"https:\/\/www.enfants.mpt-barsuraube.fr\/index.php?rest_route=\/wp\/v2\/pages\/64\/revisions"}],"predecessor-version":[{"id":3802,"href":"https:\/\/www.enfants.mpt-barsuraube.fr\/index.php?rest_route=\/wp\/v2\/pages\/64\/revisions\/3802"}],"up":[{"embeddable":true,"href":"https:\/\/www.enfants.mpt-barsuraube.fr\/index.php?rest_route=\/wp\/v2\/pages\/6"}],"wp:featuredmedia":[{"embeddable":true,"href":"https:\/\/www.enfants.mpt-barsuraube.fr\/index.php?rest_route=\/wp\/v2\/media\/2775"}],"wp:attachment":[{"href":"https:\/\/www.enfants.mpt-barsuraube.fr\/index.php?rest_route=%2Fwp%2Fv2%2Fmedia&parent=64"}],"curies":[{"name":"wp","href":"https:\/\/api.w.org\/{rel}","templated":true}]}}